{"id":73,"date":"2022-04-11T12:57:07","date_gmt":"2022-04-11T12:57:07","guid":{"rendered":"https:\/\/startersites.io\/blocksy\/home-decor\/?post_type=product&#038;p=73"},"modified":"2025-11-01T08:24:27","modified_gmt":"2025-11-01T08:24:27","slug":"duivamus-arcu","status":"publish","type":"product","link":"http:\/\/terroir-dumaroc.com\/index.php\/product\/duivamus-arcu\/","title":{"rendered":"Huile de Coco Raffin\u00e9e \u2013 Soin Universel"},"content":{"rendered":"<p data-start=\"1354\" data-end=\"1435\"><strong data-start=\"1385\" data-end=\"1401\">Contenance :<\/strong> 100 ml<br data-start=\"1408\" data-end=\"1411\" \/><strong data-start=\"1414\" data-end=\"1427\">Origine :<\/strong> Maroc<\/p>\n<p data-start=\"1597\" data-end=\"1878\"><strong data-start=\"1597\" data-end=\"1642\">Description longue (pour la page produit)<\/strong><br data-start=\"1642\" data-end=\"1645\" \/>L\u2019huile de coco est un soin universel naturel.<br data-start=\"1691\" data-end=\"1694\" \/>Elle nourrit et adoucit la peau, r\u00e9pare les cheveux secs et prot\u00e8ge contre la d\u00e9shydratation.<br data-start=\"1787\" data-end=\"1790\" \/>Utilis\u00e9e en d\u00e9maquillant ou en huile de massage, elle laisse un parfum doux et tropical.<\/p>\n<p data-start=\"1880\" data-end=\"1900\"><strong data-start=\"1883\" data-end=\"1898\">Bienfaits :<\/strong><\/p>\n<ul data-start=\"1901\" data-end=\"2050\">\n<li data-start=\"1901\" data-end=\"1931\">\n<p data-start=\"1903\" data-end=\"1931\">Hydrate et prot\u00e8ge la peau<\/p>\n<\/li>\n<li data-start=\"1932\" data-end=\"1969\">\n<p data-start=\"1934\" data-end=\"1969\">R\u00e9pare les cheveux secs et ab\u00eem\u00e9s<\/p>\n<\/li>\n<li data-start=\"1970\" data-end=\"2011\">\n<p data-start=\"1972\" data-end=\"2011\">Adoucit et assouplit les zones s\u00e8ches<\/p>\n<\/li>\n<li data-start=\"2012\" data-end=\"2050\">\n<p data-start=\"2014\" data-end=\"2050\">Laisse un parfum l\u00e9ger et agr\u00e9able<\/p>\n<\/li>\n<\/ul>\n<p data-start=\"2052\" data-end=\"2174\">100 % naturelle \u2013 Raffin\u00e9e pour plus de douceur<br data-start=\"2102\" data-end=\"2105\" \/>Convient \u00e0 tous types de peaux et cheveux<br data-start=\"2149\" data-end=\"2152\" \/>Origine : Maroc<\/p>\n","protected":false},"excerpt":{"rendered":"<p>Huile de coco raffin\u00e9e, adoucissante et hydratante.<br data-start=\"1532\" data-end=\"1535\" \/>Id\u00e9ale pour la peau, les cheveux et le d\u00e9maquillage naturel.<\/p>\n","protected":false},"featured_media":1365,"comment_status":"open","ping_status":"closed","template":"","meta":[],"product_brand":[],"product_cat":[29],"product_tag":[],"class_list":{"0":"post-73","1":"product","2":"type-product","3":"status-publish","4":"has-post-thumbnail","6":"product_cat-soins-du-corps","8":"first","9":"instock","10":"shipping-taxable","11":"purchasable","12":"product-type-simple"},"_links":{"self":[{"href":"http:\/\/terroir-dumaroc.com\/index.php\/wp-json\/wp\/v2\/product\/73","targetHints":{"allow":["GET"]}}],"collection":[{"href":"http:\/\/terroir-dumaroc.com\/index.php\/wp-json\/wp\/v2\/product"}],"about":[{"href":"http:\/\/terroir-dumaroc.com\/index.php\/wp-json\/wp\/v2\/types\/product"}],"replies":[{"embeddable":true,"href":"http:\/\/terroir-dumaroc.com\/index.php\/wp-json\/wp\/v2\/comments?post=73"}],"wp:featuredmedia":[{"embeddable":true,"href":"http:\/\/terroir-dumaroc.com\/index.php\/wp-json\/wp\/v2\/media\/1365"}],"wp:attachment":[{"href":"http:\/\/terroir-dumaroc.com\/index.php\/wp-json\/wp\/v2\/media?parent=73"}],"wp:term":[{"taxonomy":"product_brand","embeddable":true,"href":"http:\/\/terroir-dumaroc.com\/index.php\/wp-json\/wp\/v2\/product_brand?post=73"},{"taxonomy":"product_cat","embeddable":true,"href":"http:\/\/terroir-dumaroc.com\/index.php\/wp-json\/wp\/v2\/product_cat?post=73"},{"taxonomy":"product_tag","embeddable":true,"href":"http:\/\/terroir-dumaroc.com\/index.php\/wp-json\/wp\/v2\/product_tag?post=73"}],"curies":[{"name":"wp","href":"https:\/\/api.w.org\/{rel}","templated":true}]}}