{"id":406,"date":"2022-04-18T09:13:46","date_gmt":"2022-04-18T09:13:46","guid":{"rendered":"https:\/\/startersites.io\/blocksy\/home-decor\/?post_type=product&#038;p=406"},"modified":"2026-04-10T04:37:46","modified_gmt":"2026-04-10T04:37:46","slug":"fermentum-leovel","status":"publish","type":"product","link":"http:\/\/terroir-dumaroc.com\/index.php\/product\/fermentum-leovel\/","title":{"rendered":"Huile d\u2019Amande Douce \u2013 Douceur et Hydratation Naturelle"},"content":{"rendered":"<h3 data-start=\"1110\" data-end=\"1176\"><strong data-start=\"1117\" data-end=\"1176\">Huile d\u2019Amande Douce<\/strong><\/h3>\n<p data-start=\"1178\" data-end=\"1259\">\ud83d\udce6 <strong data-start=\"1209\" data-end=\"1225\">Contenance :<\/strong> 100 ml<br data-start=\"1232\" data-end=\"1235\" \/>\ud83c\udf0d <strong data-start=\"1238\" data-end=\"1251\">Origine :<\/strong> Maroc<\/p>\n<p data-start=\"1464\" data-end=\"1745\"><strong data-start=\"1464\" data-end=\"1488\">Description longue :<\/strong><br data-start=\"1488\" data-end=\"1491\" \/>L\u2019huile d\u2019amande douce est un soin traditionnel utilis\u00e9 pour nourrir et apaiser la peau.<br data-start=\"1579\" data-end=\"1582\" \/>Gr\u00e2ce \u00e0 sa composition naturelle, elle am\u00e9liore l\u2019\u00e9lasticit\u00e9 cutan\u00e9e et pr\u00e9vient les tiraillements.<br data-start=\"1681\" data-end=\"1684\" \/>Convient parfaitement aux b\u00e9b\u00e9s, enfants et peaux fragiles.<\/p>\n<p data-start=\"1747\" data-end=\"1767\">\ud83c\udf3f <strong data-start=\"1750\" data-end=\"1765\">Bienfaits :<\/strong><\/p>\n<ul data-start=\"1768\" data-end=\"1879\">\n<li data-start=\"1768\" data-end=\"1793\">\n<p data-start=\"1770\" data-end=\"1793\">Hydrate en profondeur<\/p>\n<\/li>\n<li data-start=\"1794\" data-end=\"1817\">\n<p data-start=\"1796\" data-end=\"1817\">Apaise les rougeurs<\/p>\n<\/li>\n<li data-start=\"1818\" data-end=\"1850\">\n<p data-start=\"1820\" data-end=\"1850\">Rend la peau douce et souple<\/p>\n<\/li>\n<li data-start=\"1851\" data-end=\"1879\">\n<p data-start=\"1853\" data-end=\"1879\">Nourrit les cheveux secs<\/p>\n<\/li>\n<\/ul>\n<p data-start=\"1881\" data-end=\"1937\">\u267b\ufe0f 100 % naturelle<br data-start=\"1899\" data-end=\"1902\" \/>\ud83c\udf38 Sans additifs ni conservateurs<\/p>\n","protected":false},"excerpt":{"rendered":"<p>Huile d\u2019amande douce adoucissante et nourrissante, id\u00e9ale pour les peaux s\u00e8ches et sensibles.<br data-start=\"1381\" data-end=\"1384\" \/>Riche en vitamines A et E, elle laisse la peau soyeuse et le teint \u00e9clatant.<\/p>\n","protected":false},"featured_media":1230,"comment_status":"open","ping_status":"closed","template":"","meta":[],"product_brand":[],"product_cat":[33,28],"product_tag":[],"class_list":{"0":"post-406","1":"product","2":"type-product","3":"status-publish","4":"has-post-thumbnail","6":"product_cat-coffrets-cadeaux","7":"product_cat-soins-du-visage","9":"first","10":"instock","11":"shipping-taxable","12":"purchasable","13":"product-type-simple"},"_links":{"self":[{"href":"http:\/\/terroir-dumaroc.com\/index.php\/wp-json\/wp\/v2\/product\/406","targetHints":{"allow":["GET"]}}],"collection":[{"href":"http:\/\/terroir-dumaroc.com\/index.php\/wp-json\/wp\/v2\/product"}],"about":[{"href":"http:\/\/terroir-dumaroc.com\/index.php\/wp-json\/wp\/v2\/types\/product"}],"replies":[{"embeddable":true,"href":"http:\/\/terroir-dumaroc.com\/index.php\/wp-json\/wp\/v2\/comments?post=406"}],"wp:featuredmedia":[{"embeddable":true,"href":"http:\/\/terroir-dumaroc.com\/index.php\/wp-json\/wp\/v2\/media\/1230"}],"wp:attachment":[{"href":"http:\/\/terroir-dumaroc.com\/index.php\/wp-json\/wp\/v2\/media?parent=406"}],"wp:term":[{"taxonomy":"product_brand","embeddable":true,"href":"http:\/\/terroir-dumaroc.com\/index.php\/wp-json\/wp\/v2\/product_brand?post=406"},{"taxonomy":"product_cat","embeddable":true,"href":"http:\/\/terroir-dumaroc.com\/index.php\/wp-json\/wp\/v2\/product_cat?post=406"},{"taxonomy":"product_tag","embeddable":true,"href":"http:\/\/terroir-dumaroc.com\/index.php\/wp-json\/wp\/v2\/product_tag?post=406"}],"curies":[{"name":"wp","href":"https:\/\/api.w.org\/{rel}","templated":true}]}}